{"id":294,"date":"2023-09-05T20:34:33","date_gmt":"2023-09-05T20:34:33","guid":{"rendered":"https:\/\/contecmedsystem.co\/?page_id=294"},"modified":"2023-09-05T21:05:19","modified_gmt":"2023-09-05T21:05:19","slug":"noticias-de-la-compania","status":"publish","type":"page","link":"https:\/\/contecmedsystem.com.co\/index.php\/noticias-de-la-compania\/","title":{"rendered":"Noticias de la compa\u00f1\u00eda"},"content":{"rendered":"\t\t<div data-elementor-type=\"wp-page\" data-elementor-id=\"294\" class=\"elementor elementor-294\" data-elementor-post-type=\"page\">\n\t\t\t\t\t\t\t\t\t<section class=\"elementor-section elementor-top-section elementor-element elementor-element-f30505f elementor-section-boxed elementor-section-height-default elementor-section-height-default\" data-id=\"f30505f\" data-element_type=\"section\">\n\t\t\t\t\t\t<div class=\"elementor-container elementor-column-gap-default\">\n\t\t\t\t\t<div class=\"elementor-column elementor-col-50 elementor-top-column elementor-element elementor-element-2c7166d\" data-id=\"2c7166d\" data-element_type=\"column\">\n\t\t\t<div class=\"elementor-widget-wrap elementor-element-populated\">\n\t\t\t\t\t\t\t\t<div class=\"elementor-element elementor-element-870b58b elementor-widget elementor-widget-heading\" data-id=\"870b58b\" data-element_type=\"widget\" data-widget_type=\"heading.default\">\n\t\t\t\t<div class=\"elementor-widget-container\">\n\t\t\t<style>\/*! elementor - v3.16.0 - 20-09-2023 *\/\n.elementor-heading-title{padding:0;margin:0;line-height:1}.elementor-widget-heading .elementor-heading-title[class*=elementor-size-]>a{color:inherit;font-size:inherit;line-height:inherit}.elementor-widget-heading .elementor-heading-title.elementor-size-small{font-size:15px}.elementor-widget-heading .elementor-heading-title.elementor-size-medium{font-size:19px}.elementor-widget-heading .elementor-heading-title.elementor-size-large{font-size:29px}.elementor-widget-heading .elementor-heading-title.elementor-size-xl{font-size:39px}.elementor-widget-heading .elementor-heading-title.elementor-size-xxl{font-size:59px}<\/style><h2 class=\"elementor-heading-title elementor-size-default\">Sobre nosotros<\/h2>\t\t<\/div>\n\t\t\t\t<\/div>\n\t\t\t\t<div class=\"elementor-element elementor-element-4b325bc elementor-nav-menu--dropdown-tablet elementor-nav-menu__text-align-aside elementor-nav-menu--toggle elementor-nav-menu--burger elementor-widget elementor-widget-nav-menu\" data-id=\"4b325bc\" data-element_type=\"widget\" data-settings=\"{&quot;layout&quot;:&quot;vertical&quot;,&quot;submenu_icon&quot;:{&quot;value&quot;:&quot;&lt;i class=\\&quot;fas fa-caret-down\\&quot;&gt;&lt;\\\/i&gt;&quot;,&quot;library&quot;:&quot;fa-solid&quot;},&quot;toggle&quot;:&quot;burger&quot;}\" data-widget_type=\"nav-menu.default\">\n\t\t\t\t<div class=\"elementor-widget-container\">\n\t\t\t<link rel=\"stylesheet\" href=\"https:\/\/contecmedsystem.co\/wp-content\/plugins\/elementor-pro\/assets\/css\/widget-nav-menu.min.css\">\t\t\t<nav class=\"elementor-nav-menu--main elementor-nav-menu__container elementor-nav-menu--layout-vertical e--pointer-none\">\n\t\t\t\t<ul id=\"menu-1-4b325bc\" class=\"elementor-nav-menu sm-vertical\"><li class=\"menu-item menu-item-type-post_type menu-item-object-page menu-item-300\"><a href=\"https:\/\/contecmedsystem.com.co\/index.php\/noticias-de-la-compania\/\" class=\"elementor-item menu-link\">Noticias de la compa\u00f1\u00eda<\/a><\/li>\n<li class=\"menu-item menu-item-type-post_type menu-item-object-page menu-item-299\"><a href=\"https:\/\/contecmedsystem.com.co\/index.php\/noticias-de-la-industria\/\" class=\"elementor-item menu-link\">Noticias de la Industria<\/a><\/li>\n<\/ul>\t\t\t<\/nav>\n\t\t\t\t\t<div class=\"elementor-menu-toggle\" role=\"button\" tabindex=\"0\" aria-label=\"Menu Toggle\" aria-expanded=\"false\">\n\t\t\t<i aria-hidden=\"true\" role=\"presentation\" class=\"elementor-menu-toggle__icon--open eicon-menu-bar\"><\/i><i aria-hidden=\"true\" role=\"presentation\" class=\"elementor-menu-toggle__icon--close eicon-close\"><\/i>\t\t\t<span class=\"elementor-screen-only\">Menu<\/span>\n\t\t<\/div>\n\t\t\t\t\t<nav class=\"elementor-nav-menu--dropdown elementor-nav-menu__container\" aria-hidden=\"true\">\n\t\t\t\t<ul id=\"menu-2-4b325bc\" class=\"elementor-nav-menu sm-vertical\"><li class=\"menu-item menu-item-type-post_type menu-item-object-page menu-item-300\"><a href=\"https:\/\/contecmedsystem.com.co\/index.php\/noticias-de-la-compania\/\" class=\"elementor-item menu-link\" tabindex=\"-1\">Noticias de la compa\u00f1\u00eda<\/a><\/li>\n<li class=\"menu-item menu-item-type-post_type menu-item-object-page menu-item-299\"><a href=\"https:\/\/contecmedsystem.com.co\/index.php\/noticias-de-la-industria\/\" class=\"elementor-item menu-link\" tabindex=\"-1\">Noticias de la Industria<\/a><\/li>\n<\/ul>\t\t\t<\/nav>\n\t\t\t\t<\/div>\n\t\t\t\t<\/div>\n\t\t\t\t<div class=\"elementor-element elementor-element-07add59 elementor-widget elementor-widget-heading\" data-id=\"07add59\" data-element_type=\"widget\" data-widget_type=\"heading.default\">\n\t\t\t\t<div class=\"elementor-widget-container\">\n\t\t\t<h2 class=\"elementor-heading-title elementor-size-default\">Cont\u00e1ctenos<\/h2>\t\t<\/div>\n\t\t\t\t<\/div>\n\t\t\t\t<div class=\"elementor-element elementor-element-41b8141 elementor-widget elementor-widget-text-editor\" data-id=\"41b8141\" data-element_type=\"widget\" data-widget_type=\"text-editor.default\">\n\t\t\t\t<div class=\"elementor-widget-container\">\n\t\t\t<style>\/*! elementor - v3.16.0 - 20-09-2023 *\/\n.elementor-widget-text-editor.elementor-drop-cap-view-stacked .elementor-drop-cap{background-color:#69727d;color:#fff}.elementor-widget-text-editor.elementor-drop-cap-view-framed .elementor-drop-cap{color:#69727d;border:3px solid;background-color:transparent}.elementor-widget-text-editor:not(.elementor-drop-cap-view-default) .elementor-drop-cap{margin-top:8px}.elementor-widget-text-editor:not(.elementor-drop-cap-view-default) .elementor-drop-cap-letter{width:1em;height:1em}.elementor-widget-text-editor .elementor-drop-cap{float:left;text-align:center;line-height:1;font-size:50px}.elementor-widget-text-editor .elementor-drop-cap-letter{display:inline-block}<\/style>\t\t\t\t<div id=\"Text2114_114d37c2678ed1157a998af68125697712\" class=\"text\" data-id=\"Text2114_114d37c2678ed1157a998af68125697712\"><div><div><p>CONTEC MEDICAL SYSTEMS CO., LTD<br \/>Agregar: 112 Qinhuang West Str., E&amp;T Development Zone, Qinhuangdao, provincia de Hebei, China<br \/>Chelsea Yang<\/p><\/div><\/div><\/div>\t\t\t\t\t\t<\/div>\n\t\t\t\t<\/div>\n\t\t\t\t\t<\/div>\n\t\t<\/div>\n\t\t\t\t<div class=\"elementor-column elementor-col-50 elementor-top-column elementor-element elementor-element-c61f090\" data-id=\"c61f090\" data-element_type=\"column\">\n\t\t\t<div class=\"elementor-widget-wrap elementor-element-populated\">\n\t\t\t\t\t\t\t\t<div class=\"elementor-element elementor-element-afcfd65 elementor-widget elementor-widget-text-editor\" data-id=\"afcfd65\" data-element_type=\"widget\" data-widget_type=\"text-editor.default\">\n\t\t\t\t<div class=\"elementor-widget-container\">\n\t\t\t\t\t\t\t<div id=\"Grid1148_content\" class=\"gridLayout\" data-id=\"Grid1148_content\"><div><div class=\"responsive_grid row\"><div class=\"col-xs-12 col-sm-12 col-md-12 col-lg-12 col-xl-12\"><div id=\"sortable_content_0\" class=\"gridSub\" data-id=\"sortable_content_0\"><div class=\"childs\"><div id=\"RootGrid2214_61843be7f557825d2cca1904fc51e7dd0\" class=\"rootgridv2214\" data-id=\"RootGrid2214_61843be7f557825d2cca1904fc51e7dd0\"><div class=\"rootgrid responsive_grid row\"><div id=\"RootGridCell_61843be7f557825d2cca1904fc51e7dd10\" class=\"col-xs-12 col-sm-8 col-md-8 col-lg-8 col-xl-8 RootGridCell_61843be7f557825d2cca1904fc51e7dd10 cell\" data-id=\"RootGridCell_61843be7f557825d2cca1904fc51e7dd10\" data-type=\"cell\"><div id=\"RootGridBg_61843be7f557825d2cca1904fc51e7dd10\" class=\"grid_content\"><div id=\"LIRTList2310_5f3b72cebfee2350f19e72f949e207be\" class=\"LIRTList1\" data-id=\"LIRTList2310_5f3b72cebfee2350f19e72f949e207be\"><div><div><div class=\"responsive_grid row\"><div class=\"col-xs-12 col-sm-12 col-md-12 col-lg-12 col-xl-12\"><div class=\"content-block\"><div class=\"product-content\"><div class=\"product-content__top\"><div class=\"product-content__title\"><strong>Gran promoci\u00f3n en septiembre<\/strong><\/div><div class=\"product-content__sub\">2022-08-26<\/div><div class=\"product-content__intro\">Habr\u00e1 una gran promoci\u00f3n en Septermometer. M\u00e1s preguntas o consultas, por favor no dude en contactarnos en chelsea.yang@contecmed.com y +86-15930596203<\/div><div class=\"product-content__btnblock\">\u00a0<\/div><\/div><\/div><div class=\"border\">\u00a0<\/div><\/div><\/div><div class=\"col-xs-12 col-sm-12 col-md-12 col-lg-12 col-xl-12\"><div class=\"content-block\"><div class=\"product-content\"><div class=\"product-content__top\"><div class=\"product-content__title\"><strong>PROMOCI\u00d3N DE A\u00d1O NUEVO DE CONTEC<\/strong><\/div><div class=\"product-content__sub\">2021-12-01<\/div><div class=\"product-content__intro\">PROMOCI\u00d3N DE A\u00d1O NUEVO !! La promoci\u00f3n de fin de a\u00f1o m\u00e1s grande de la historia: \u00a1se vende por debajo del costo! \u00a1No dude en aprovechar la \u00fanica oportunidad que se ofrece una vez al a\u00f1o! La promoci\u00f3n es v\u00e1lida desde ahora hasta el 30 de diciembre de 2021. Estimado cliente: Es un privilegio especial y un placer escribirle. Se acerca la temporada navide\u00f1a y le deseamos un a\u00f1o nuevo lleno de paz, amor y felicidad. \u00a1Que todos tus deseos se hagan realidad y tu negocio sea un \u00e9xito sin fin!<\/div><div class=\"product-content__btnblock\">\u00a0<\/div><\/div><\/div><div class=\"border\">\u00a0<\/div><\/div><\/div><div class=\"col-xs-12 col-sm-12 col-md-12 col-lg-12 col-xl-12\"><div class=\"content-block\"><div class=\"product-content\"><div class=\"product-content__top\"><div class=\"product-content__title\"><strong>Feria de oto\u00f1o CMEF-2021 H10-J09<\/strong><\/div><div class=\"product-content__sub\">2021-09-24<\/div><div class=\"product-content__intro\">CONTEC MEDICAL SYSTEMS CO., LTD se especializa en el desarrollo de la fabricaci\u00f3n y distribuci\u00f3n de dispositivos m\u00e9dicos durante m\u00e1s de 20 a\u00f1os en China. La mayor\u00eda de los productos cuentan con la aprobaci\u00f3n CE \/ FDA \/ ROSH. Tambi\u00e9n est\u00e1 disponible la norma ISO 13485. Muchos productos nuevos lanzados en 2021. Bienvenido a visitar nuestro stand No: .2021 H10-J09<\/div><div class=\"product-content__btnblock\">\u00a0<\/div><\/div><\/div><div class=\"border\">\u00a0<\/div><\/div><\/div><div class=\"col-xs-12 col-sm-12 col-md-12 col-lg-12 col-xl-12\"><div class=\"content-block\"><div class=\"product-content\"><div class=\"product-content__top\"><div class=\"product-content__title\"><strong>Salud \u00e1rabe 2019<\/strong><\/div><div class=\"product-content__sub\">2021-05-18<\/div><div class=\"product-content__intro\">\u00a0<\/div><div class=\"product-content__btnblock\">\u00a0<\/div><\/div><\/div><div class=\"border\">\u00a0<\/div><\/div><\/div><div class=\"col-xs-12 col-sm-12 col-md-12 col-lg-12 col-xl-12\"><div class=\"content-block\"><div class=\"product-content\"><div class=\"product-content__top\"><div class=\"product-content__title\"><strong>Bienvenidos a nuestro stand Hall 13 \/ F08 en MEDICA 2017<\/strong><\/div><div class=\"product-content__sub\">2021-05-18<\/div><div class=\"product-content__intro\">Contec Medical exhibir\u00e1 nuevos productos de telemedicina en MEDICA 2017 del 13 al 16 de noviembre de 2017 en Dusseldorf, Alemania. \u00a1Esperamos verte ah\u00ed!<\/div><div class=\"product-content__btnblock\">\u00a0<\/div><\/div><\/div><div class=\"border\">\u00a0<\/div><\/div><\/div><div class=\"col-xs-12 col-sm-12 col-md-12 col-lg-12 col-xl-12\"><div class=\"content-block\"><div class=\"product-content\"><div class=\"product-content__top\"><div class=\"product-content__title\"><strong>Bienvenido a nuestro stand Z6.H29 y Z6.D11 en ARAB HEALTH 2018<\/strong><\/div><div class=\"product-content__sub\">2021-05-18<\/div><div class=\"product-content__intro\">SALUD \u00c1RABE 2018 Fecha: 29 de enero de 2018-1 de febrero de 2018 Agregar: Centro Internacional de Convenciones y Exposiciones de Dubai. Numero de cabina : Z6.H29 y Z6.D11 Por favor cont\u00e1ctenos para confirmar el n\u00famero de stand.<\/div><\/div><\/div><\/div><\/div><\/div><\/div><\/div><\/div><\/div><\/div><\/div><\/div><\/div><\/div><\/div><\/div><\/div><\/div><div id=\"Grid1148_footer\" class=\"gridLayout\" data-id=\"Grid1148_footer\"><div><div class=\"responsive_grid row\"><div class=\"col-xs-12 col-sm-12 col-md-12 col-lg-12 col-xl-12\"><div id=\"sortable_6bdff4ed547f07b93677633cf73b4b6a1\" class=\"gridSub\" data-id=\"sortable_6bdff4ed547f07b93677633cf73b4b6a1\"><div class=\"childs\"><div id=\"RootGrid2214_6bdff4ed547f07b93677633cf73b4b6a2\" class=\"rootgridv2214\" data-id=\"RootGrid2214_6bdff4ed547f07b93677633cf73b4b6a2\"><div class=\"rootgrid responsive_grid row\"><div id=\"RootGridBox_d3b80c483d6936f71f27a36d1c70cc812\" class=\"col-xs-12 col-sm-3 col-md-3 col-lg-3 col-xl-3 RootGridBox_d3b80c483d6936f71f27a36d1c70cc812 box\" data-type=\"box\" data-id=\"RootGridBox_d3b80c483d6936f71f27a36d1c70cc812\"><div id=\"RootGridBg_d3b80c483d6936f71f27a36d1c70cc812\" class=\"grid_content\"><div id=\"RootGridRow_d3b80c483d6936f71f27a36d1c70cc815\" class=\"col-xs-12 col-sm-12 col-md-12 col-lg-12 col-xl-12 RootGridRow_d3b80c483d6936f71f27a36d1c70cc815 box\" data-type=\"box\" data-id=\"RootGridRow_d3b80c483d6936f71f27a36d1c70cc815\"><div id=\"RootGridBg_d3b80c483d6936f71f27a36d1c70cc815\" class=\"grid_content\"><div id=\"RootGridCell_d3b80c483d6936f71f27a36d1c70cc8115\" class=\"col-xs-12 col-sm-4 col-md-4 col-lg-4 col-xl-4 RootGridCell_d3b80c483d6936f71f27a36d1c70cc8115 cell empty\" data-id=\"RootGridCell_d3b80c483d6936f71f27a36d1c70cc8115\" data-type=\"cell\">\u00a0<\/div><\/div><\/div><\/div><\/div><\/div><\/div><\/div><\/div><\/div><\/div><\/div><\/div>\t\t\t\t\t\t<\/div>\n\t\t\t\t<\/div>\n\t\t\t\t\t<\/div>\n\t\t<\/div>\n\t\t\t\t\t\t\t<\/div>\n\t\t<\/section>\n\t\t\t\t\t\t\t<\/div>\n\t\t","protected":false},"excerpt":{"rendered":"<p>Sobre nosotros Cont\u00e1ctenos CONTEC MEDICAL SYSTEMS CO., LTDAgregar: 112 Qinhuang West Str., E&amp;T Development Zone, Qinhuangdao, provincia de Hebei, ChinaChelsea Yang Gran promoci\u00f3n en septiembre2022-08-26Habr\u00e1 una gran promoci\u00f3n en Septermometer. M\u00e1s preguntas o consultas, por favor no dude en contactarnos en chelsea.yang@contecmed.com y +86-15930596203\u00a0\u00a0PROMOCI\u00d3N DE A\u00d1O NUEVO DE CONTEC2021-12-01PROMOCI\u00d3N DE A\u00d1O NUEVO !! La promoci\u00f3n &hellip;<\/p>\n<p class=\"read-more\"> <a class=\"\" href=\"https:\/\/contecmedsystem.com.co\/index.php\/noticias-de-la-compania\/\"> <span class=\"screen-reader-text\">Noticias de la compa\u00f1\u00eda<\/span> Leer m\u00e1s &raquo;<\/a><\/p>\n","protected":false},"author":1,"featured_media":0,"parent":0,"menu_order":0,"comment_status":"closed","ping_status":"closed","template":"","meta":{"site-sidebar-layout":"no-sidebar","site-content-layout":"","ast-site-content-layout":"full-width-container","site-content-style":"default","site-sidebar-style":"default","ast-global-header-display":"","ast-banner-title-visibility":"","ast-main-header-display":"","ast-hfb-above-header-display":"","ast-hfb-below-header-display":"","ast-hfb-mobile-header-display":"","site-post-title":"disabled","ast-breadcrumbs-content":"","ast-featured-img":"disabled","footer-sml-layout":"","theme-transparent-header-meta":"","adv-header-id-meta":"","stick-header-meta":"","header-above-stick-meta":"","header-main-stick-meta":"","header-below-stick-meta":"","astra-migrate-meta-layouts":"","footnotes":""},"class_list":["post-294","page","type-page","status-publish","hentry"],"yoast_head":"<!-- This site is optimized with the Yoast SEO plugin v21.2 - https:\/\/yoast.com\/wordpress\/plugins\/seo\/ -->\n<title>Noticias de la compa\u00f1\u00eda - Contec Med System<\/title>\n<meta name=\"robots\" content=\"index, follow, max-snippet:-1, max-image-preview:large, max-video-preview:-1\" \/>\n<link rel=\"canonical\" href=\"https:\/\/contecmedsystem.com.co\/index.php\/noticias-de-la-compania\/\" \/>\n<meta property=\"og:locale\" content=\"es_ES\" \/>\n<meta property=\"og:type\" content=\"article\" \/>\n<meta property=\"og:title\" content=\"Noticias de la compa\u00f1\u00eda - Contec Med System\" \/>\n<meta property=\"og:description\" content=\"Sobre nosotros Cont\u00e1ctenos CONTEC MEDICAL SYSTEMS CO., LTDAgregar: 112 Qinhuang West Str., E&amp;T Development Zone, Qinhuangdao, provincia de Hebei, ChinaChelsea Yang Gran promoci\u00f3n en septiembre2022-08-26Habr\u00e1 una gran promoci\u00f3n en Septermometer. M\u00e1s preguntas o consultas, por favor no dude en contactarnos en chelsea.yang@contecmed.com y +86-15930596203\u00a0\u00a0PROMOCI\u00d3N DE A\u00d1O NUEVO DE CONTEC2021-12-01PROMOCI\u00d3N DE A\u00d1O NUEVO !! La promoci\u00f3n &hellip; Noticias de la compa\u00f1\u00eda Leer m\u00e1s &raquo;\" \/>\n<meta property=\"og:url\" content=\"https:\/\/contecmedsystem.com.co\/index.php\/noticias-de-la-compania\/\" \/>\n<meta property=\"og:site_name\" content=\"Contec Med System\" \/>\n<meta property=\"article:modified_time\" content=\"2023-09-05T21:05:19+00:00\" \/>\n<meta name=\"twitter:card\" content=\"summary_large_image\" \/>\n<meta name=\"twitter:label1\" content=\"Tiempo de lectura\" \/>\n\t<meta name=\"twitter:data1\" content=\"2 minutos\" \/>\n<script type=\"application\/ld+json\" class=\"yoast-schema-graph\">{\"@context\":\"https:\/\/schema.org\",\"@graph\":[{\"@type\":\"WebPage\",\"@id\":\"https:\/\/contecmedsystem.com.co\/index.php\/noticias-de-la-compania\/\",\"url\":\"https:\/\/contecmedsystem.com.co\/index.php\/noticias-de-la-compania\/\",\"name\":\"Noticias de la compa\u00f1\u00eda - Contec Med System\",\"isPartOf\":{\"@id\":\"https:\/\/contecmedsystem.com.co\/#website\"},\"datePublished\":\"2023-09-05T20:34:33+00:00\",\"dateModified\":\"2023-09-05T21:05:19+00:00\",\"breadcrumb\":{\"@id\":\"https:\/\/contecmedsystem.com.co\/index.php\/noticias-de-la-compania\/#breadcrumb\"},\"inLanguage\":\"es\",\"potentialAction\":[{\"@type\":\"ReadAction\",\"target\":[\"https:\/\/contecmedsystem.com.co\/index.php\/noticias-de-la-compania\/\"]}]},{\"@type\":\"BreadcrumbList\",\"@id\":\"https:\/\/contecmedsystem.com.co\/index.php\/noticias-de-la-compania\/#breadcrumb\",\"itemListElement\":[{\"@type\":\"ListItem\",\"position\":1,\"name\":\"Portada\",\"item\":\"https:\/\/contecmedsystem.com.co\/\"},{\"@type\":\"ListItem\",\"position\":2,\"name\":\"Noticias de la compa\u00f1\u00eda\"}]},{\"@type\":\"WebSite\",\"@id\":\"https:\/\/contecmedsystem.com.co\/#website\",\"url\":\"https:\/\/contecmedsystem.com.co\/\",\"name\":\"Contec Med System\",\"description\":\"\",\"publisher\":{\"@id\":\"https:\/\/contecmedsystem.com.co\/#organization\"},\"potentialAction\":[{\"@type\":\"SearchAction\",\"target\":{\"@type\":\"EntryPoint\",\"urlTemplate\":\"https:\/\/contecmedsystem.com.co\/?s={search_term_string}\"},\"query-input\":\"required name=search_term_string\"}],\"inLanguage\":\"es\"},{\"@type\":\"Organization\",\"@id\":\"https:\/\/contecmedsystem.com.co\/#organization\",\"name\":\"Contec Med System\",\"url\":\"https:\/\/contecmedsystem.com.co\/\",\"logo\":{\"@type\":\"ImageObject\",\"inLanguage\":\"es\",\"@id\":\"https:\/\/contecmedsystem.com.co\/#\/schema\/logo\/image\/\",\"url\":\"https:\/\/contecmedsystem.co\/wp-content\/uploads\/2023\/09\/logopng.png\",\"contentUrl\":\"https:\/\/contecmedsystem.co\/wp-content\/uploads\/2023\/09\/logopng.png\",\"width\":500,\"height\":97,\"caption\":\"Contec Med System\"},\"image\":{\"@id\":\"https:\/\/contecmedsystem.com.co\/#\/schema\/logo\/image\/\"}}]}<\/script>\n<!-- \/ Yoast SEO plugin. -->","yoast_head_json":{"title":"Noticias de la compa\u00f1\u00eda - Contec Med System","robots":{"index":"index","follow":"follow","max-snippet":"max-snippet:-1","max-image-preview":"max-image-preview:large","max-video-preview":"max-video-preview:-1"},"canonical":"https:\/\/contecmedsystem.com.co\/index.php\/noticias-de-la-compania\/","og_locale":"es_ES","og_type":"article","og_title":"Noticias de la compa\u00f1\u00eda - Contec Med System","og_description":"Sobre nosotros Cont\u00e1ctenos CONTEC MEDICAL SYSTEMS CO., LTDAgregar: 112 Qinhuang West Str., E&amp;T Development Zone, Qinhuangdao, provincia de Hebei, ChinaChelsea Yang Gran promoci\u00f3n en septiembre2022-08-26Habr\u00e1 una gran promoci\u00f3n en Septermometer. M\u00e1s preguntas o consultas, por favor no dude en contactarnos en chelsea.yang@contecmed.com y +86-15930596203\u00a0\u00a0PROMOCI\u00d3N DE A\u00d1O NUEVO DE CONTEC2021-12-01PROMOCI\u00d3N DE A\u00d1O NUEVO !! La promoci\u00f3n &hellip; Noticias de la compa\u00f1\u00eda Leer m\u00e1s &raquo;","og_url":"https:\/\/contecmedsystem.com.co\/index.php\/noticias-de-la-compania\/","og_site_name":"Contec Med System","article_modified_time":"2023-09-05T21:05:19+00:00","twitter_card":"summary_large_image","twitter_misc":{"Tiempo de lectura":"2 minutos"},"schema":{"@context":"https:\/\/schema.org","@graph":[{"@type":"WebPage","@id":"https:\/\/contecmedsystem.com.co\/index.php\/noticias-de-la-compania\/","url":"https:\/\/contecmedsystem.com.co\/index.php\/noticias-de-la-compania\/","name":"Noticias de la compa\u00f1\u00eda - Contec Med System","isPartOf":{"@id":"https:\/\/contecmedsystem.com.co\/#website"},"datePublished":"2023-09-05T20:34:33+00:00","dateModified":"2023-09-05T21:05:19+00:00","breadcrumb":{"@id":"https:\/\/contecmedsystem.com.co\/index.php\/noticias-de-la-compania\/#breadcrumb"},"inLanguage":"es","potentialAction":[{"@type":"ReadAction","target":["https:\/\/contecmedsystem.com.co\/index.php\/noticias-de-la-compania\/"]}]},{"@type":"BreadcrumbList","@id":"https:\/\/contecmedsystem.com.co\/index.php\/noticias-de-la-compania\/#breadcrumb","itemListElement":[{"@type":"ListItem","position":1,"name":"Portada","item":"https:\/\/contecmedsystem.com.co\/"},{"@type":"ListItem","position":2,"name":"Noticias de la compa\u00f1\u00eda"}]},{"@type":"WebSite","@id":"https:\/\/contecmedsystem.com.co\/#website","url":"https:\/\/contecmedsystem.com.co\/","name":"Contec Med System","description":"","publisher":{"@id":"https:\/\/contecmedsystem.com.co\/#organization"},"potentialAction":[{"@type":"SearchAction","target":{"@type":"EntryPoint","urlTemplate":"https:\/\/contecmedsystem.com.co\/?s={search_term_string}"},"query-input":"required name=search_term_string"}],"inLanguage":"es"},{"@type":"Organization","@id":"https:\/\/contecmedsystem.com.co\/#organization","name":"Contec Med System","url":"https:\/\/contecmedsystem.com.co\/","logo":{"@type":"ImageObject","inLanguage":"es","@id":"https:\/\/contecmedsystem.com.co\/#\/schema\/logo\/image\/","url":"https:\/\/contecmedsystem.co\/wp-content\/uploads\/2023\/09\/logopng.png","contentUrl":"https:\/\/contecmedsystem.co\/wp-content\/uploads\/2023\/09\/logopng.png","width":500,"height":97,"caption":"Contec Med System"},"image":{"@id":"https:\/\/contecmedsystem.com.co\/#\/schema\/logo\/image\/"}}]}},"_links":{"self":[{"href":"https:\/\/contecmedsystem.com.co\/index.php\/wp-json\/wp\/v2\/pages\/294","targetHints":{"allow":["GET"]}}],"collection":[{"href":"https:\/\/contecmedsystem.com.co\/index.php\/wp-json\/wp\/v2\/pages"}],"about":[{"href":"https:\/\/contecmedsystem.com.co\/index.php\/wp-json\/wp\/v2\/types\/page"}],"author":[{"embeddable":true,"href":"https:\/\/contecmedsystem.com.co\/index.php\/wp-json\/wp\/v2\/users\/1"}],"replies":[{"embeddable":true,"href":"https:\/\/contecmedsystem.com.co\/index.php\/wp-json\/wp\/v2\/comments?post=294"}],"version-history":[{"count":10,"href":"https:\/\/contecmedsystem.com.co\/index.php\/wp-json\/wp\/v2\/pages\/294\/revisions"}],"predecessor-version":[{"id":344,"href":"https:\/\/contecmedsystem.com.co\/index.php\/wp-json\/wp\/v2\/pages\/294\/revisions\/344"}],"wp:attachment":[{"href":"https:\/\/contecmedsystem.com.co\/index.php\/wp-json\/wp\/v2\/media?parent=294"}],"curies":[{"name":"wp","href":"https:\/\/api.w.org\/{rel}","templated":true}]}}